en 27 is divided by w?
7
Let s(c) = c**2 - 8*c - 4. What is the remainder when 8 is divided by s(9)?
3
Let r be (-2)/((-4)/(-18)) + -1. Let i be ((-15)/25 - 1)/(1/(-10)). Let k = r + i. What is the remainder when 22 is divided by k?
4
What is the remainder when (-74)/(-6) + (-4)/(-6) is divided by 5 - 1 - 0/1?
1
Let x(z) = -z**2 - 4*z + 7. Let p be x(-5). Let c = 3 - p. Calculate the remainder when (-1)/2*(1 + -3) is divided by c.
0
What is the remainder when ((-12)/8)/(6/(-56)) is divided by 5?
4
Let f = 3 - -7. Calculate the remainder when 28 is divided by f.
8
Calculate the remainder when -5 + 7 - (-1 - 28) is divided by 11.
9
Let g(b) = -b**3 - 5*b**2 + 4*b. Let r = 131 - 63. Suppose 7*m = 5*m + r. Calculate the remainder when m is divided by g(-6).
10
Let r(q) = 4*q**2 - 1. Suppose 2*n = n + 9. Suppose -2*x = -5*f - 0*x, -2*f - x = n. What is the remainder when r(f) is divided by 8?
7
Let u be 2/(-7) + 23/7. Suppose 0 = -2*a + 5*a. Suppose q - d - u = 14, a = 2*d + 10. Calculate the remainder when 46 is divided by q.
10
Suppose 0 = m + 2*p - 4, 0 = m + 3*p + 1. Let b(k) = -22*k - 1 - 3 + 1. What is the remainder when b(-2) is divided by m?
13
Suppose 0 = i - 2. Let t be ((-5)/4)/(i/(-16)). Let s = t - 6. What is the remainder when 6 is divided by s?
2
Suppose -17 = -5*x - 7. Suppose 0 = x*a + 2*a. What is the remainder when (1 + a)/((-3)/(-63)) is divided by 11?
10
Suppose -8*o + 17*o - 99 = 0. Calculate the remainder when o is divided by 64/10 - (-2)/(-5).
5
Calculate the remainder when (-1 + 0)*(5 - 40) is divided by 1/(-1 - 57/(-54)).
17
Suppose -3*y + 3*n - 174 = 0, y - 2*n + 172 = -2*y. Calculate the remainder when ((-22)/(-6))/(1/3) is divided by y/(-21)*(-3)/(-2).
3
Suppose -20 = -4*l + 4. Suppose -5*z - 49 = -4*m, 0 = -3*z + 3 + l. What is the remainder when m is divided by (-200)/(-30) - 4/6?
4
Let w(y) = -4 - 2*y**2 - y**2 - y + 1 + 4*y**2. What is the remainder when 34 is divided by w(-3)?
7
Let m = -59 - -124. Suppose 2*l = -65 - m. Calculate the remainder when -1*(l/1 - -3) is divided by 21.
20
Suppose -7 = 5*m + 3. Let o be m - (-5)/(5/6). Let b(p) = p**3 - 3*p**2 - p + 1. Calculate the remainder when 24 is divided by b(o).
11
Let m be 2/6 + 60/36. Suppose 3*n + 2*d = -m*d + 33, -2*d - 81 = -5*n. Calculate the remainder when 28 is divided by n.
13
Let g = 41 - -5. Suppose k = -k + g. What is the remainder when k is divided by ((-6)/1)/3 + 10?
7
Let c(h) be the third derivative of h**6/120 - h**5/30 + h**4/12 - h**3/6 - 2*h**2. What is the remainder when c(3) is divided by 8?
6
What is the remainder when -5*(-5)/25 + 1*51 is divided by 11?
8
Suppose 4*n + 3*x = 8*n - 237, 4*n - 234 = 2*x. Let c = -38 + n. Calculate the remainder when 36 is divided by c.
17
Let g = 23 - 19. Let f(y) = y - 2. What is the remainder when 2 is divided by f(g)?
0
Suppose 4*i - 99 = i. What is the remainder when i is divided by 21?
12
Suppose 0 = 3*p - 0*p. Let k(r) = r + 1. Let q be k(3). Let j = q - p. Calculate the remainder when j is divided by 3.
1
Let y(w) = 2*w + 24. What is the remainder when y(-10) is divided by 3?
1
Suppose 5*u = 3*x - 9, 1 = -3*x - 5*u + 10. What is the remainder when ((-24)/(-9))/(4/6) is divided by x?
1
Let b = 45 - 43. Let c(p) = p**2 + 2*p - 1. Calculate the remainder when b is divided by c(-3).
0
Suppose 0 = -i + 5, -4*w + 25 = -2*w - 5*i. Let g = w - 12. Calculate the remainder when 25 is divided by g.
12
Let i = 54 - 35. Let s(y) = -6*y**3 + y**2 - 3*y - 3. Suppose 0 = 2*q, -q = -5*u + 4*q - 10. Calculate the remainder when s(u) is divided by i.
17
What is the remainder when (5/(-15))/(1/(-30)) is divided by -6*(3/(-2))/3?
1
Let o = 12 - -2. Suppose 3*d = -2*w - 28 + 9, w + 5 = 0. Let i = d + 8. Calculate the remainder when o is divided by i.
4
Let l(d) = d**3 + 6*d**2 + 6*d + 1. Let y be l(-5). Let w = -2 - y. Calculate the remainder when 28 is divided by (1 - w)*(2 - 17).
13
Suppose -4*h + 84 - 16 = 0. Calculate the remainder when h is divided by 9.
8
Let l = 1 + 1. Suppose f = -f. Suppose 5*z = -2*h - 19, -5*z = -4*h - f*z + 37. Calculate the remainder when h is divided by l.
1
Calculate the remainder when (26/3)/((-1)/(-6)) is divided by 18.
16
Let i(v) = -3*v + 1. What is the remainder when 74 is divided by i(-6)?
17
Suppose -2*m - 2*m + 44 = 0. Calculate the remainder when m is divided by ((-4)/8*14)/(-1).
4
Suppose 2*t - 20 = -5*b, 5*t - 4*b - 5 - 12 = 0. Suppose -o = -t*o. What is the remainder when 23 + o - 0/(-2) is divided by 8?
7
Suppose -2*k + 45 = 15. Suppose 2*d = f + 90, -5*f = -2*d - 61 + 167. Calculate the remainder when d is divided by k.
13
Let t(g) = g**3 - 4*g**2 - 8*g + 8. What is the remainder when t(6) is divided by (-3)/(-6) + 21/2?
10
Suppose 2*m + 13 = 3*m. Let q = -6 + 9. Calculate the remainder when m is divided by (-4)/5*(-8 + q).
1
Suppose -w = 5*y + 12 - 93, 3*w - 3*y = 207. What is the remainder when w is divided by 24?
23
Let f(i) = 10*i + 15. Calculate the remainder when f(6) is divided by 38.
37
Suppose -3*g - c = -0*c - 59, 4*g = c + 67. Suppose 0 = -8*o - 0*o + 552. Calculate the remainder when o is divided by g.
15
Suppose -5*g = -4*o + 153, o - 37 = -0*g + g. Suppose 5*c - 29 = 466. What is the remainder when o is divided by (-1)/(-2 - c/(-51))?
15
Let s = 30 - 5. Calculate the remainder when s is divided by 10.
5
Suppose -5*o - 192 - 63 = 0. Let u = -75 - o. Let q = u - -39. Calculate the remainder when 43 is divided by q.
13
Let n = -15 + 31. Calculate the remainder when n is divided by 7.
2
Suppose -4*p - 442 = -5*z, 0*p - p = 3. What is the remainder when z is divided by 44?
42
Suppose -4*l + 370 = l. Suppose -2*y = -0*y - l. What is the remainder when y is divided by 19?
18
Suppose -7 + 3 = -4*k. Suppose 0 = 3*v - 10 + k. Suppose 0 = -v*a - 0*h - 5*h + 1, 2 = 2*a + 3*h. Calculate the remainder when 12 is divided by a.
5
Let c = 16 + 4. Suppose -c = -f + 11. Calculate the remainder when f is divided by 8.
7
Suppose b - 5 = -r, 2*r = -5*b - 0*r + 16. Let q = b + 10. Calculate the remainder when 22 is divided by q.
10
Let w be (-4)/(-3) + (-2)/6. Suppose 2*f = -0*f + 104. Calculate the remainder when 24 is divided by f/(-12)*-3*w.
11
Suppose 4*x - x = 0. Let r be (x - -3) + (2 - 3). Suppose -r*i + 2*p + 36 = 4*p, 4*i + p - 75 = 0. Calculate the remainder when 56 is divided by i.
18
Suppose -3*w = -5*k + 321, -2*w = 3*k + w - 183. Calculate the remainder when k is divided by 13.
11
What is the remainder when (-1)/(4*2/(-4))*48 is divided by 3?
0
Let l(t) = -5*t + 3. Calculate the remainder when 24 is divided by l(-2).
11
Let w(y) = 8*y**2 - 12. Calculate the remainder when w(-3) is divided by 16.
12
Suppose -5*b = -17 - 3. Let k(h) = h**2 - h + 2. Let n = -39 - -66. What is the remainder when n is divided by k(b)?
13
Let y = 73 + -54. Calculate the remainder when 54 is divided by y.
16
Let k(x) = -5*x**2 - 3*x - 3. Let i(z) = 11*z**2 + 7*z + 7. Let r(q) = -6*i(q) - 14*k(q). Calculate the remainder when 45 is divided by r(2).
13
Suppose c + 30 = 3*z + 2*c, z = -3*c + 2. Calculate the remainder when z is divided by 4.
3
Let w = -15 + 13. Calculate the remainder when 134*(-1)/w + -2 is divided by 22.
21
Suppose 0 = 2*m + a + 3 - 4, 15 = 3*m - 3*a. What is the remainder when (48 - 6/3)/m is divided by 12?
11
Suppose 0 = -5*y + 4*r + 40, 0*y - 1 = -4*y - 3*r. Let p(u) = 3*u - 12. Let i be p(9). Suppose 25 = y*m - i. What is the remainder when 19 is divided by m?
9
Suppose 2*z - 7 = z. Let p = 11 - z. Calculate the remainder when 11 is divided by p.
3
Let a = -127 + 180. Let s = 3 - 5. Let y = 16 - s. What is the remainder when a is divided by y?
17
Suppose -3*x - x - 10 = f, f + 2*x = -4. Let g(o) = 5*o**3 - 4*o**3 - 3 + 9 + 8*o**f. What is the remainder when 10 is divided by g(-8)?
4
Let p = -13 + 28. Calculate the remainder when p is divided by 4.
3
Let t be 2 - 5 - 8*-2. Suppose 4*b = t + 71. Suppose 0 = -4*f - 20, 3*d - 58 = -f + 6*f. What is the remainder when b is divided by d?
10
Suppose 203 = 8*o - 93. Calculate the remainder when 145 is divided by o.
34
Let u = -6 + 9. Suppose 5 = -4*t - 7. Calculate the remainder when u is divided by (-6)/(-4) - t/6.
1
What is the remainder when 95 is divided by 31 - (0 - 3 - -2)?
31
Suppose 3*r + 33 = 120. Suppose 6 = 3*u - 3, 0 